valuate 0 - 2 - (9 - (12 + -8)).
-7
Evaluate (-9 + 2 - -2) + 4.
-1
1 + 0 + -4 + (2 - 4)
-5
Evaluate -5 + (8 - -2) - (14 + 2).
-11
7 - ((0 - -1) + 0)
6
What is (-3 - (-2 - -5)) + 8?
2
What is the value of 9 - (-15 + 9 + 5)?
10
What is the value of -8 + (-1 - -1) - -9?
1
3 + 22 + -11 + -6
8
What is the value of 10 + -11 + 6 + -6?
-1
Calculate 8 + (0 - 1) + -2.
5
Evaluate 7 + (7 - 5 - 4) + -7.
-2
What is 6 + -9 - (-5 + 0)?
2
What is the value of 9 + -11 + (-6 - -9)?
1
What is -1 + (-4 - -1) + 3 - -2?
1
-2 + 1 - (7 + -5 + 0)
-3
Evaluate 4 + 1 + -1 + -3.
1
Evaluate (-1 - 1) + 1 - (2 + -2).
-1
Evaluate 1 + (2 - 5 - -2) + 5.
5
-9 + 3 - -11 - 15
-10
What is the value of (-1 - 1) + (12 - 8)?
2
What is the value of 2 + (-3 - (-1 + 0))?
0
Calculate (4 + 0 - (-16 - -16)) + -7.
-3
Calculate -4 + (1 + -4 - -4).
-3
-1 + 2 + -63 + 61
-1
What is 13 + -4 - 2 - (-21 - -26)?
2
Calculate (1 - 1) + (8 - 7) - 3.
-2
What is the value of -5 - (-1 - 0 - 5)?
1
What is the value of -2 + (-4 + 0 - -2 - -2)?
-2
(2 - 1) + 1 + (-1 - 3)
-2
What is the value of 15 + -15 + -4 - 6?
-10
1 + (1 - -2) + 0 + -2
2
Evaluate -4 + (7 + -14 + 4 - -7).
0
What is -88 + 81 + 1 + 9?
3
Calculate (-1 - 1) + (3 - 1) + 0.
0
2 + -14 + -2 - (-31 + 24)
-7
Calculate 3 - (-2 + (7 - 9) - -5).
2
7 - ((-2 - -3) + 0 - -5)
1
Evaluate 2 + (-7 + 10 - 1).
4
What is the value of 4 + -3 + 8 - 4?
5
What is the value of -5 - ((2 - -2) + -7)?
-2
What is -8 - -5 - -7 - 2?
2
(8 + -6 - -1) + -2
1
-114 + 125 - (5 + -1)
7
Calculate -1 + 2 + 5 + (1 - 7).
0
Calculate -9 - (-1 + (1 - 2)).
-7
What is 3 - ((-5 - -4) + 0) - 6?
-2
Evaluate 0 + 2 - 7 - (3 + -9).
1
What is the value of (5 - ((-2 - 1) + 19)) + 7?
-4
What is (8 - 11) + (-2 - -2)?
-3
What is -2 + (4 - (0 - (0 + 2)))?
4
What is the value of -9 - (11 - 18) - -4?
2
(1 - (-1 + 1)) + 6 + -6
1
Calculate 7 - (0 + 3 + 0).
4
What is 6 + (-3 + 2 - 0 - -1)?
6
Calculate 0 + (-1 - (1 + 2)).
-4
(0 - 2) + (-2 - (-2 + -2))
0
-2 + (2 - 7) - 0 - 3
-10
What is the value of 7 + -3 + -5 + -6?
-7
What is 5 - 6 - (2 + 2)?
-5
What is the value of -20 + 10 + 2 - -12?
4
What is the value of 7 + (0 - 8) + -2 + 1?
-2
Evaluate (-9 - (-3 + 0)) + 6 + -2.
-2
Evaluate -1 + 4 + 2 + -11 + 6.
0
What is -4 + -2 + 0 + 1?
-5
What is 20 + -13 + 7 + -7?
7
What is 1 - (-3 - (-11 - -6))?
-1
Calculate (-7 - (3 + -5)) + 1.
-4
What is the value of (4 - (-5 + -3)) + -7?
5
Calculate (-4 - -1) + 0 + 5.
2
What is the value of (2 - 2) + -4 - -2?
-2
What is (0 - 10) + 15 + -13?
-8
Evaluate 11 + -2 + (15 - 28).
-4
What is (-13 - -16) + (2 + 0 - 1)?
4
Calculate 2 - (-2 + (1 - (0 + -3))).
0
(-6 + 3 - 18 - -7) + 8
-6
Evaluate 1 - (-3 + -1 - -3 - -7).
-5
What is 5 + 1 + -6 + 2?
2
What is the value of -4 - (4 + -5) - -4?
1
What is the value of -3 - (7 - 2) - -4?
-4
-7 + -3 - (-3 - 13)
6
What is 0 + 1 + -4 + 4?
1
What is the value of (2 - 0 - 6) + (-3 - -3)?
-4
What is the value of (-7 - 0 - (3 - 3)) + 3?
-4
Evaluate (-8 + -2 - (-4 - -3)) + 7.
-2
What is the value of 3 + 2 - ((-6 - -2) + 14)?
-5
(7 - 1) + 5 + -9
2
Calculate (-8 - -2) + (11 - 1).
4
Calculate 4 + (0 - (6 + -2 + 1)).
-1
Calculate 4 - (0 - (-12 - -7)).
-1
-8 - (7 + -8 + -3)
-4
What is -7 - -6 - (5 + -2)?
-4
Evaluate 9 + -3 - (5 + -2).
3
What is the value of -2 - (0 + 3 + -6 + 2)?
-1
Evaluate -2 + -1 + 5 - 4.
-2
13 - 12 - (1 + 0)
0
Evaluate 4 - 1 - (-12 + 11) - -1.
5
Evaluate -3 + (-1 + 1 - -1 - 2).
-4
What is (15 - (15 + 3)) + 6 + -2?
1
What is -3 - (-1 + -1 - 3) - -3?
5
Calculate (0 - (-2 + 8)) + 6 + 3.
3
What is -9 + (-5 - -29) - 7?
8
Calculate -1 - (1 + 5 - 8).
1
Calculate -12 - (6 + 2 - (38 - 24)).
-6
(24 - 22) + (-6 - 3)
-7
Evaluate 1 - ((12 - -2) + -5).
-8
Evaluate (-7 - -8) + (-1 - -2).
2
(-56 - -63) + (-1 - 9)
-3
What is the value of 1 - 4 - (9 - 13)?
1
What is -6 - (2 - -2 - (2 + 4))?
-4
What is the value of -6 + 6 + 6 + -2 - -2?
6
What is 0 + 4 - (-11 - -20)?
-5
2 + -17 + 59 + -48
-4
Evaluate (-10 - (3 + -1)) + 11.
-1
Evaluate 1 + 6 + (0 - 0) + -2.
5
Evaluate -3 + -3 + 0 + 12.
6
What is the value of (-1 - (4 - 5)) + 1?
1
What is 5 - (-2 + 4) - (0 + 6)?
-3
Evaluate (2 - 0 - 7) + -1.
-6
What is the value of (-11 - -14) + (0 - 1)?
2
2 + -3 - (25 + -26)
0
What is the value of -88 + 80 - (-3 - -1)?
-6
1 - (5 - (-5 + 4))
-5
What is the value of -4 - (4 + (1 + 1 - 10))?
0
-3 - (-5 - 3 - -2)
3
What is 2 - (-4 + 6) - 4?
-4
Evaluate 0 - (-1 + (0 - -7) - 5).
-1
What is the value of 2 + -1 + -3 + (7 - 7)?
-2
What is the value of -158 + 150 + 0 + -1?
-9
(-10 - (-6 - -3)) + 1 + 2
-4
What is (63 - 63) + (4 + -2 - 5)?
-3
-4 + 2 + 1 - (-24 - -18)
5
Calculate (1 + -1 - -6) + (85 - 98).
-7
What is (5 - 3) + (6 - (19 - 7))?
-4
What is the value of 7 + 2 - (-1 + 5)?
5
Calculate -9 + -1 + -141 + 155.
4
What is the value of (0 - (4 + -3)) + -3 - -10?
6
What is (2 - 3) + 25 + -20?
4
Evaluate 1 + -1 + (-3 - -2) - 4.
-5
Evaluate 9 + -4 + (-9 - -1) + -3.
-6
What is 3 + 0 + -3 + (1 - 1)?
0
What is the value of (3 - 2 - (8 - 11)) + -5?
-1
(4 - -2) + (-2 - 9)
-5
Evaluate (0 - 3) + 1 - (1 + -1).
-2
6 - (-7 + 8) - 9
-4
Evaluate -1 - 0 - 13 - (21 + -28).
-7
Calculate 5 - (10 - 8) - 11.
-8
Calculate 8 + -1 + (-7 - (-4 + -2)).
6
-24 + 28 + 1 + 0
5
Calculate -2 - (3 - (7 + -5)).
-3
What is 7 + -2 + -5 + 1?
1
What is (16 + -22 - (-15 - 2)) + -3?
8
Calculate 22 - (8 - -7) - (1 + 1).
5
What is -2 - ((0 - 0) + -3) - -1?
2
Calculate -5 - (10 - (18 - -2)).
5
What is -7 + 2 - -8 - 10?
-7
0 - (-1 - 3 - (27 - 30))
1
Calculate (2 - (1 + -4)) + -5.
0
What is the value of (-2 - 0) + (-14 - -14)?
-2
(-1 - -2) + (29 - 33)
-3
What is the value of -7 - ((-9 - -16) + -18)?
4
What is -3 + 2 + 2 + (3 - 2)?
2
0 - -2 - (63 + -66)
5
Evaluate 3 + 0 - (0 + 4).
-1
What is -2 + 13 - (0 - -6) - 1?
4
Evaluate -1 - ((-11 - -6) + -4).
8
Calculate 1 - 2 - (1 + -1 + 6).
-7
What is the value of -4 + -3 + 3 + 1?
-3
What is the value of 5 + (-2 - 2) - (4 - -4)?
-7
(4 - (-2 - 1)) + 0 - 3
4
What is the value of (-2 - 4) + 3 - (-5 - 2)?
4
What is 1 - (21 + -16 - (1 - -4))?
1
Calculate 8 + (0 - (-4 - -12)).
0
-6 + -13 + 13 - (1 + -6)
-1
What is the value of (-3 - -3) + (2 + 2 - 3)?
1
What is the value of -4 - (1 + -3 + -3)?
1
Calculate (0 - 1) + -5 + 2.
-4
(-5 - -5) + 3 + 2 + -3
2
-3 + -4 + 21 + -11
3
What is 7 + -13 + 2 + -3?
-7
Evaluate -14 - (-37 - -3) - 13.
7
Evaluate 7 + (-1 + 9 + -5 - 9).
1
Calculate (1 - -15) + -12 + -12.
-8
What is (1 - 4) + -2 + 4 - 2?
-3
What is -5 + 12 + (2 - -5 - 14)?
0
What is 1 - (0 + 1) - (-1 - -2)?
-1
Evaluate (-6 - -15) + -4 + -4.
1
What is -3 - (6 + (4 - 26) + 6)?
7
Evaluate 7 - (-2 - (2 + 2 + -9)).
4
8 + -16 + 6 - (2 - 6)
2
Evaluate (10 - (-2 - -13)) + 9.
8
Evaluate 15 + 4 + -7 + -1.
11
What is -3 + (1 - 0) - (44 - 49)?
3
Calculate 1 + 7 + -3 + 4 + -7.
2
Calculate (0 - 0 - 0) + 6 + -1.
5
What is -10 + -3 + 22 + -16?
-7
What is the value of 0 + -2 - (0 + -7)?
5
-3 + -5 - (-5 + -5)
2
Calculate -6 - (-14 + 6 + -1).
3
What is the value of 2 + ((8 - 4) + 2 - 8)?
0
What is -5 + (2 - -1) + -4 + 1?
-5
What is the value of (-21 + 12 - -3) + 2?
-4
Evaluate 3 + (0 - (4 - (-2 + 5))).
2
What is the value of 8 - (-2 - (-13 - -5))?
2
What is 8 - (8 + 4 + (5 - -1))?
-10
Calculate 1 + -5 + 4 + 1 + 0.
1
Evaluate 1 - (12 + -8) - (-6 - 1).
4
Calculate -3 - 2 - (-4 - (2 - 2)).
-1
What is (9 + -14 - -7) + -4?
-2
0 - (11 - -8 - 11)
-8
Calculate (-3 - -6) + -1 + 2 - -1.
5
Evaluate -8 + 4 + -5 + 2 + 1.
-6
What is the value of (-3 - (1 + -4)) + -2 + 3?
1
Calculate (8 - (-1 - (-12 - 5))) + 1.
-7
What is -4 + (-6 - -3) + 10?
3
What is the value of -1 + -5 + 13 + 8 + -17?
-2
-15 + (-8 - -13) - -4
-6
Evaluate -2 + (-10 + 8 - -9).
5
What is the value of (-1 - 6) + 10 + -4?
-1
Calculate 0 + -7 + 9 + -4.
-2
-2 + 5 + 5 + -5 - -2
5
Calculate -3 + -4 + 0 + -3 + 5.
-5
Evaluate 5 + 1 - (-1 - -11) - -3.
-1
0 - (-2 - (-4 + (3 - 2)))
-1
Evaluate 1 + (-9 - -11 - (9 - 3)).
-3
Evaluate 3 + (7 - 7) - 6.
-3
What is 30 + -36 - (-2 - -1)?
-5
What is 1 - ((-2 - 1) + (0 - -1))?
3
Evaluate -5 - ((5 - 1) + -5 + 1).
-5
What is the value of 3 + (-11 - ((5 - 6) + -4))?
-3
What is (0 - 0) + (37 - 37)?
0
What is -32 + 28 - (1 - 1 - 9)?
5
Evaluate 3 - (-1 + -3 + 5).
2
23 - (-7 - -15) - 14
1
Calculate 6 + -14 + 8 - -6.
6
Calculate 4 + (-7 - (-6 - -5)).
-2
What is the value of -5 - (-3 - (1 - 1))?
-2
-1 + 0 + (-3 - -1) - 0
-3
Evaluate -11 -